prime factors of p?
3, 29
Suppose 0 = -2*n + 49 + 27. List the prime factors of n.
2, 19
Let b be 16/88 + 1527/11. Let c = b + -99. List the prime factors of c.
2, 5
Suppose -4 = 4*d - 5*d. Suppose d*n - 43 = 41. Suppose -u = 2*u + 3*w - n, w = 5*u - 53. What are the prime factors of u?
2, 5
Let w(a) = a + 3. Let x be w(-9). Let n be 2 - 1 - (1 - -44). List the prime factors of (n/x)/((-2)/(-3)).
11
Suppose -3*c + 21 - 7 = a, 16 = 3*a - 4*c. What are the prime factors of a?
2
Let g be ((-10)/(-6))/(1/3). Let w(y) = y - 3. Let z be w(g). Suppose x + z*x - 30 = 0. What are the prime factors of x?
2, 5
Let t = -12 - -17. Let s = 4 - t. List the prime factors of s/(-1 - 16/(-18)).
3
Let h(w) = 6*w**2 - 3*w + 0*w**2 - w**3 - 12 + 5*w + 4. What are the prime factors of h(6)?
2
Let a(k) = -5*k + 2. What are the prime factors of a(-3)?
17
Let c(l) = -3*l - 3. Let g be c(-2). Suppose 2*s - g*n - 95 = 0, s - 2*s + 55 = n. List the prime factors of s.
2, 13
Suppose -5*q = -l - 39, 28 = -2*l - 5*q - 20. Let y = 3 - l. List the prime factors of y.
2
Suppose -3*u - 5*y = -528, 2*u - 352 = 2*y + 3*y. List the prime factors of u.
2, 11
List the prime factors of ((7 - 11)/12)/(2/(-654)).
109
What are the prime factors of (-84)/(-2) + (-1)/2*-4?
2, 11
Suppose -5*m - y + 184 = 0, -3*m + 5*y - 6 + 94 = 0. Suppose 3*v + 3*c - 1 + 10 = 0, 0 = -v + c + 3. Suppose v*h + m = 4*h. List the prime factors of h.
3
Let w = -35 - -7. List the prime factors of 0/(6 + -3) - w.
2, 7
Let v(a) = a - 8. Let b be v(8). Suppose -i - 32 = -3*p - 5, b = 2*p - 4*i - 18. List the prime factors of p.
3
Suppose 5*b - 11 = -u, 0*u - 3*b = 4*u - 44. Suppose 3*l = 109 + u. What are the prime factors of l?
2, 5
Let x be 10 - 0 - (-2 - -2). Suppose -x + 2 = -w. What are the prime factors of w?
2
What are the prime factors of ((-134)/4)/(23/(-230))?
5, 67
Suppose 0 = -2*d - 3*d - 15. Let p(z) = -z**3 + 4*z + 2. Let r be p(d). Let k = r - 9. What are the prime factors of k?
2
Let b(g) = g**2 + g - 1. Let x(v) = v**3 + v**2 - 3*v + 3. Let w(q) = 5*b(q) + x(q). What are the prime factors of w(-5)?
13
Let s(k) = -9*k - 25. What are the prime factors of s(-4)?
11
Let b = 6 + -11. Let m be 2/b + (-24)/(-10). Suppose -3*v = m - 20. What are the prime factors of v?
2, 3
Let l(a) = a**2 + 11*a + 1. Let y be l(-11). Let t be 4/y - (0 + -1). Suppose -t*k + k = -72. What are the prime factors of k?
2, 3
Let i(m) = -14*m + 4. Let o be i(-2). Suppose 8 = -4*k + o. What are the prime factors of k?
2, 3
Let c(w) = -9*w**2 + 9. Let k(i) = -5*i**2 + 5. Let o(r) = 6*c(r) - 11*k(r). Let j(l) = -l + 7. Let h be j(5). List the prime factors of o(h).
3
Suppose 0 = 4*w - 3*w - 2. Suppose 5*s = w*b + 7 - 26, 2*s = 6. What are the prime factors of b?
17
Let d(q) = -2*q**3 + 3*q + 1. Suppose 2*z = 5*i - 19, 5*z + 2*i + 7 = 3. List the prime factors of d(z).
11
Suppose m + 3*x = 88 - 32, -3*x + 118 = 2*m. What are the prime factors of m?
2, 31
Let t = -17 + 10. Let k = t - -9. List the prime factors of k.
2
Let n = -39 + 64. What are the prime factors of n?
5
Let l = 7 + -4. Suppose 6 = -l*u - 0. What are the prime factors of 14 + 0 - 2/u?
3, 5
Suppose 1 = -5*u + 61. Suppose -u - 4 = -4*v. Let h(i) = 2*i - 1. What are the prime factors of h(v)?
7
Suppose 3*x - 10 = 2*g - 0, 5*x + 5*g = 0. What are the prime factors of 1/x*(6 - -8)?
7
Let k = -226 + 389. What are the prime factors of k?
163
Let q(t) = -19*t - 17. What are the prime factors of q(-4)?
59
Let j(h) = 26*h**2 - 3*h. Let k be j(2). Suppose 2*f - a - 27 = 11, 5*f - k = 4*a. List the prime factors of f.
2, 3
Let n(k) = -4*k - 3. Let x be n(-2). Suppose 16 + 39 = x*l. What are the prime factors of l?
11
Suppose 3*j + 7 = 2*j. Let p = -5 - j. List the prime factors of p.
2
Let s(a) = -a**2 + 24*a + 14. List the prime factors of s(11).
157
Suppose 2*r - 7 = 1. Let j(u) = -u**3 - u**2 + u + 10. Let n be j(0). Suppose r*z + n = 38. What are the prime factors of z?
7
Let a = -3 + 5. Let y = a - 3. What are the prime factors of y/(-4) + (-46)/(-8)?
2, 3
Let m(z) = z**3 - 3*z**2 + z + 2. Let u be m(2). Suppose u = t - 3 - 9. What are the prime factors of t?
2, 3
Let k = 5 + -9. List the prime factors of (2 - (-2)/k)*4.
2, 3
Let c(p) = -p**2 - 14*p + 3. What are the prime factors of c(-10)?
43
List the prime factors of (-1)/1*(-39 + 0).
3, 13
Suppose 446 + 12 = 2*u. What are the prime factors of u?
229
Let r(p) = -10*p - 8 + 8. List the prime factors of r(-1).
2, 5
Let l(n) = n**2 + 2*n + 36. List the prime factors of l(6).
2, 3, 7
Suppose -22 = 2*t + 8. Suppose 3*m = 3*z + 7*m - 91, -z = 3*m - 37. Let i = z + t. What are the prime factors of i?
2, 5
Let a be -5*1 - (-2)/1. Let j(y) = 1 + y - 4*y + 2*y. What are the prime factors of j(a)?
2
Suppose -2*h = -2*r + 144, 3*r - h = -2*r + 352. What are the prime factors of r?
2, 5, 7
Suppose 3*o - 2*o - 217 = 2*q, -q - 1058 = -5*o. What are the prime factors of o?
211
What are the prime factors of 21/(-1)*(-1)/((-6)/(-4))?
2, 7
Suppose 0 = -4*n + 702 - 126. What are the prime factors of n?
2, 3
List the prime factors of (-2)/2*(5 + -136).
131
Let z(b) = b**2 + 5*b + 3. Let g be z(-5). Suppose 3*t + g*k = -0*k + 27, -t - 4*k = 3. List the prime factors of t.
13
Suppose -k - 2 = 8. Let a(f) = -2*f + 2. List the prime factors of a(k).
2, 11
Suppose -5*z + 3 = -2*m, 6 = -5*m + 3*z - 11. Let i = -1 - m. List the prime factors of i + (54*-1)/(-3).
3, 7
Suppose 2*s - 18 = -5*a, -2*a + 4*s - 14 = -2. List the prime factors of a.
2
Let l(g) = -3*g**2 - 32*g + 32. Let y(b) = 4*b**2 + 48*b - 48. Let x(a) = 7*l(a) + 5*y(a). What are the prime factors of x(13)?
23
Let m(c) be the third derivative of -c**4/24 + 2*c**3/3 - 4*c**2. Suppose -a - 12 = 4*o + a, 4*o + 5*a + 6 = 0. What are the prime factors of m(o)?
2
Suppose -n + 29 = -21. List the prime factors of n.
2, 5
Let l(n) = -3 + 6 + 0*n - 4*n + 5*n. Let j = -11 - -19. What are the prime factors of l(j)?
11
Suppose -y + 4*y = -3. Let r = 36 - y. List the prime factors of r.
37
Suppose -3*f - 8 = -35. Suppose -3*m + f = -0*m. What are the prime factors of m?
3
Let z(b) = -6*b - 2. Let u be -6*-1*3/(-6). List the prime factors of z(u).
2
Let a(n) = 9*n**2 + 2*n + 1. Let f be a(-1). Let s(z) = -z - 10. Let y be s(f). Let w = -6 - y. What are the prime factors of w?
2, 3
Let l(w) = 5*w + 8. Let n be l(-6). Let f = -8 - n. What are the prime factors of f?
2, 7
Suppose 0 = -2*q - 0*w + 3*w + 1, -w = -1. Suppose -4 = -4*a + 2*f, -4*f = -4 - 4. Suppose -b - a*v = -4, -q*b - 16 = -5*b - 4*v. List the prime factors of b.
2
Let t(v) be the first derivative of -3*v**2/2 - 3*v - 2. Let w be t(-2). Suppose -2*x = -5*a + 3, -w*x + 58 = 4*a + a. What are the prime factors of x?
11
Suppose -6*k = -k. Suppose k = -0*x - 4*x + 24. Suppose 0 = i - 2*i + x. List the prime factors of i.
2, 3
Suppose 4*t - 4*o + 4 = t, 0 = 3*t - 3*o + 3. Let z = 0 + 4. Suppose t*m - z = -m. What are the prime factors of m?
2
Let v(h) = -h**2 - 16*h + 5. What are the prime factors of v(-8)?
3, 23
Let g be ((-6)/(-5))/(1/35). Suppose 5*l - 30 = -r + 40, 3*l = r + g. List the prime factors of l.
2, 7
Let r = 22 - 10. Suppose 4*f = 3*f + r. What are the prime factors of f?
2, 3
Let u(s) = s**3 - 7*s**2 + 3*s - 2. Suppose f + 0*f + 33 = 4*r, 0 = -3*r + 3*f + 36. What are the prime factors of u(r)?
19
Let d(i) = -i**3 + 7*i**2 - 5*i. Suppose 4*s + 0*s = 24. Let v be d(s). Suppose -3*t + v*t - 18 = 0. What are the prime factors of t?
2, 3
Let s(d) = d**3 + d**2 - d + 3. Let t be s(0). Let w be t/6*-2 - -8. Let o = -2 + w. What are the prime factors of o?
5
Let c(l) be the first derivative of l**4/4 - 8*l**3/3 + 7*l**2/2 + 3*l + 4. List the prime factors of c(7).
3
Suppose 7*x - 5*x + 66 = 0. List the prime factors of (3 - 6)/(9/x).
11
Suppose -5*a + 2*a = -33. List the prime factors of a.
11
Let f = -34 - -24. What are the prime factors of (-7 - -2)*68/f?
2, 17
Let v be 8/4 + -1 + 3. Suppose 0 = 2*o - v, -g + 9 = 3*o - 25. List the prime factors of g.
2, 7
Let o be 26/(-8) - (-2)/8. Let a = 11 + o. What are the prime factors of a?
2
Suppose -4*d = 6*d - 2750. List the prime factors of d.
5, 11
Let q be 104/24 - (-2)/(-6). Suppose 0 = 2*k + 2, -2*u = u + q*k - 11. List the prime factors of u.
5
Let u = 7 - 11. Let x(s) = 6 - 2*s